hat is the units digit of x?
6
Let t = 552 - -453. Suppose 2*h - 2140 = -2*g - 114, h + t = g. What is the units digit of g?
9
What is the tens digit of 17148/(-3)*(-66)/44?
7
Let h = 667 - 226. Suppose -5*c + 0*p = -2*p - 1059, 5*p = -2*c + h. What is the units digit of c?
3
Suppose -20*m = -30*m + 30300. Suppose m = j + 1211. What is the tens digit of j?
1
Suppose -548 = -22*g + 17*g - 3*z, 5*z + 244 = 2*g. Suppose -3*p + 4 = -11. Suppose t = p*t - g. What is the tens digit of t?
2
Let d = -553 + 734. Let y = d - 124. What is the units digit of y?
7
Suppose -95*k + 84919 = 3*q - 91*k, 0 = -q + 3*k + 28276. What is the hundreds digit of q?
2
What is the ten thousands digit of ((-479752)/(-49))/((-23)/(-161))?
6
Suppose -2*a - 131 = -g, -3*g - 3*a + 213 = -153. What is the hundreds digit of g/15 - 7 - (-3210)/9?
3
Let k(n) = 43*n + 3283. What is the thousands digit of k(8)?
3
Let x be 16/(-16)*(3 - -1). Let z be (-6 - x)/((-4)/14). Suppose z*h - 11*h = -444. What is the units digit of h?
1
Let m(o) = o**2 + 26*o - 113. Let t be m(-30). Let a(j) = 2*j**3 + 2*j**2 + 31*j - 37. What is the hundreds digit of a(t)?
9
Let n(d) = -d**2 + 15*d - 15. Suppose 6 = 3*m, -5*m + 2 = -4*v + 2*v. Suppose 4 = f - 4*p, -v*p = -4*f + f + 28. What is the units digit of n(f)?
1
Let z(f) = -f**3 - 18*f**2 - 26*f + 62. Let p be z(-15). Let k = p - -689. What is the units digit of k?
6
Let v(u) = -u**2 + 28*u - 45. Let a(l) = l**3 + 4*l**2 + 5*l - 9. Let g be a(2). What is the tens digit of v(g)?
3
Suppose -57*y - 17004 = -261648. What is the hundreds digit of y?
2
Let v be 1 - 1/(4 - 47754/11938). What is the hundreds digit of (0 - -2)*v/60?
1
Suppose -2*r = -q + 27153, -3*q + 31115 = -2*r - 50356. What is the units digit of q?
9
Suppose 6*w - 59659 = -3*y + w, -y = 4*w - 19870. What is the units digit of y?
8
Suppose 205*l + 203*l - 53*l = 17666930. What is the thousands digit of l?
9
Let l = 31 - 28. Let d be (-51)/(-17) + 0/(-1)*-1. What is the tens digit of d - (-127)/l*3?
3
Suppose -14*p + 31*p - 213440 = -99*p. What is the hundreds digit of p?
8
Let j = -1772 - -3266. What is the hundreds digit of j?
4
Let n = 31 - 22. Suppose 3*p - n = 0, -p - 2*p + 49 = 5*c. Let w(k) = k**2 + 3*k + 14. What is the hundreds digit of w(c)?
1
Let d(g) = -g**3 + 2*g**2 + 4*g + 10. Let c be d(3). Suppose -c*v - 222 = 272. What is the tens digit of (2 - (-20)/(-6))/(v/1311)?
4
Let c = -480 - -2868. Suppose 6*z - c = -6*z. What is the hundreds digit of z?
1
Let p = 477 - -2093. What is the thousands digit of p?
2
Suppose 2*u - 3*o = 22907, -2*u - 2*o + 19660 + 3222 = 0. What is the tens digit of u?
4
Suppose 5*y = -0*y + 3*i + 80081, -4*i = -4*y + 64068. What is the units digit of y?
5
Suppose -f + 4*w = -202, 8*f + 4*w + 408 = 10*f. Suppose -2*c = 4*z + c - 821, z - f = -c. What is the units digit of z?
3
Let a be ((-2)/(-3))/((-2)/(-9)). Suppose -3*w - 3*v = -246, w - a*w + 2*v + 172 = 0. What is the units digit of w?
4
Suppose u - 1 = 0, -5*d + 0*u + 7164 = -u. Let n = -787 + d. What is the tens digit of n?
4
Suppose -1243 = -z + 3*o, o + 4499 = 5*z - 1632. What is the tens digit of z?
2
Let g(c) be the third derivative of -25*c**4/3 - 7*c**3/6 - 69*c**2. What is the tens digit of g(-2)?
9
Let c(g) = -1295*g + 220. What is the tens digit of c(-4)?
0
Let s = -30 - -28. What is the tens digit of (-191 + -17)/((-8)/(-6) + s)?
1
Let z(i) = 13*i**2 + 20. Let r be z(-5). Let l = 503 - r. What is the tens digit of l?
5
Let i(y) = 3*y**3 - 20*y**2 + 5*y - 28. Let d(c) = -c**2 + 16*c + 65. Let p be d(19). Let f be i(p). Let l = f + 43. What is the units digit of l?
1
Suppose -61*n = -62*n - 6. What is the hundreds digit of n/(-15) - (-3588)/30?
1
Suppose -15 = 3*g - 6*g + c, 4*c = 0. Suppose g*h - 1027 = -2*p, -2*p = -4*h - h + 1043. Suppose -3*n = 9, -5*n + h = j - n. What is the units digit of j?
9
Suppose -2*g + 42 = 4*v, -3*v = -6*v + 2*g + 42. Let s be (-6)/4*(-656)/v. Suppose 0 = -4*q + s + 178. What is the tens digit of q?
6
Suppose -639 = 4*z + 1577. Let l = 903 + z. What is the units digit of l?
9
Let z be 114/9*(10 + 2). Suppose z = -2*n - v, -5*n - v + 4*v = 358. Let t = 177 + n. What is the hundreds digit of t?
1
Suppose y + 4*r = -r + 1047, -2*y = -r - 2061. What is the tens digit of y/602*2758/4?
8
Let i be (31 - 34) + 0 + -182. What is the hundreds digit of (-222)/i*1005/2?
6
Let q(h) = 71*h - 102. Let o be q(25). Let m = o - 1138. What is the hundreds digit of m?
5
Suppose -3*q - g = 520, q + 3*g = 2*q + 170. Let a = -137 - q. What is the units digit of a?
6
What is the tens digit of (-6 + (35 - -1)*1)*245?
5
Suppose -77*l + 947505 + 1577556 = 0. What is the ten thousands digit of l?
3
Let p(x) = 11364*x - 8356. What is the units digit of p(8)?
6
Let d = -790 + 1654. Suppose 3 = -v, 2*c - d = 3*v + 601. Suppose 8*w - c = w. What is the hundreds digit of w?
1
Suppose -145 = 5*y - 2*f - 172, -y - 3*f + 2 = 0. Suppose 7370 = y*d - 5*k, 3*k - 5886 = -4*d + 2*k. What is the tens digit of d?
7
Suppose 0 = -k + 3*l - 0*l + 440, -5*l = -25. Let v = -192 + k. What is the units digit of v?
3
Let t be 11/(11/(-2))*-2. Let r be 1/2*(-1)/t*0. Suppose 0 = -j + 2*z + 71 + 189, -3*j - 4*z + 730 = r. What is the hundreds digit of j?
2
Let d(u) = -u**3 - 7*u**2 + 2. Let g be d(-7). Suppose -49 = -p - v, 4*p - 2*v - g*v = 228. Suppose 0 = -f + 3 - 0, b + 3*f = p. What is the units digit of b?
4
Let g(y) = 8*y - 39. Let d be g(-23). Let i = d - -1045. Suppose 4*v = -2*v + i. What is the hundreds digit of v?
1
Let c = 2472 - -788. What is the thousands digit of c?
3
Let r(l) be the first derivative of -101*l**2/2 + 7*l - 32. What is the hundreds digit of r(-4)?
4
Let b(y) = -y**3 + 4*y**2 + 60*y + 59. What is the hundreds digit of b(-16)?
2
Suppose 4*g = 5*z + 54817, 81*g - 3*z + 41133 = 84*g. What is the tens digit of g?
0
Let i(c) = 2*c**3 - 10*c**2 - 12*c + 3. Let h be i(6). What is the hundreds digit of (-11064)/(-30) - h/(-15)?
3
Suppose 5*r + 4*m - 9208 = 0, 10*r = 5*r - 2*m + 9214. What is the thousands digit of r?
1
Let y(f) = -104*f**3 + 6*f + 46. What is the thousands digit of y(-4)?
6
What is the hundreds digit of ((-963)/214)/((-2)/1244)?
7
Suppose 3*f - 9 = -5*n + 6, n - f - 3 = 0. What is the hundreds digit of (n - -473) + 3/3?
4
Suppose -s - 2644 = -16*h + 13*h, -2*s - 2648 = -3*h. What is the tens digit of h?
8
Suppose -4*c - 485 - 830 = -5*x, 0 = -x + c + 263. What is the hundreds digit of x?
2
Suppose 4*o - 8 = -5*n, -4*o + 2*o = n - 4. Let q(i) = 6*i - 19 + o*i - 41 + 0*i. What is the tens digit of q(19)?
9
What is the units digit of (-2823028)/(-364) + (-6)/(-14)?
6
Suppose 0 = -3*l - 4482 + 1575. What is the tens digit of (-2)/4 + (-7)/(14/l)?
8
Let g(b) = 2*b**3 + 6*b**2 - 27*b + 6. Let c be g(-9). Let m = c - -1049. What is the hundreds digit of m?
3
Let j = -617 + 27933. What is the tens digit of j?
1
Let b(z) = 263*z + 2. Let o be b(3). Let n = -193 + o. What is the hundreds digit of n?
5
Suppose -126*o = -55*o - 606269. What is the hundreds digit of o?
5
What is the ten thousands digit of (((-14900)/175)/((-18)/1407))/((-2)/(-27))?
8
Let f = -25928 + 67833. What is the thousands digit of f?
1
Let i(q) = q - 4 + 0*q + 23*q**2 - 3 + 3 + 0. Let l = -4 + 1. What is the hundreds digit of i(l)?
2
Suppose -5*a - 21 = -1, -2*b - 1216 = 2*a. Let o = 849 + b. What is the tens digit of o?
4
Suppose 111*x - 97*x - 75950 = 0. What is the tens digit of x?
2
Let h(p) = -p**3 - 80*p**2 + 133*p + 472. What is the ten thousands digit of h(-83)?
1
Suppose 22*j + 31229 = 5*m + 25*j, -3*m + 18749 = -4*j. What is the thousands digit of m?
6
Let p(w) = 295*w**3 - 7*w**2 + 24*w - 48. What is the hundreds digit of p(3)?
9
What is the thousands digit of 18/(-42)*-42 + 3553?
3
Let w = -180 + 1099. Suppose -3*y - 12*h + 10*h = -w, y = 4*h + 283. What is the hundreds digit of y?
3
What is the ten thousands digit of (14 - 18) + (-11899 + 2)/((-2)/2)?
1
Let r = 621 - 120. Let l = r - 403. What is the units digit of l?
8
What is the ten thousands digit of ((-123167)/2 + -2)/((72/(-16))/3)?
4
Let b(t) = -28*t - 187. Let u be b(-7). What is the tens digit of ((-3162)/(-18) - -5)/(3/u)?
4
Let a(j) = 41*j + 8077. What is the thousands digit of a(-135)?
2
Let f(p) = 114*p + 3279. What is the thousa